{"id":893,"date":"2018-02-06T14:45:44","date_gmt":"2018-02-06T13:45:44","guid":{"rendered":"http:\/\/www.terresdejeu.fr\/?page_id=893"},"modified":"2026-03-28T10:42:23","modified_gmt":"2026-03-28T09:42:23","slug":"https-doodle-com-poll-dat5gauhte9rvr3eutm_sourcepollutm_mediumlink","status":"publish","type":"page","link":"https:\/\/www.terresdejeu.fr\/index.php\/https-doodle-com-poll-dat5gauhte9rvr3eutm_sourcepollutm_mediumlink\/","title":{"rendered":"Assistantes maternelles"},"content":{"rendered":"\n<div class=\"wp-block-group\"><div class=\"wp-block-group__inner-container is-layout-flow wp-block-group-is-layout-flow\">\n<p><\/p>\n\n\n\n<p class=\"has-text-align-center has-luminous-vivid-orange-color has-text-color has-large-font-size\"><span style=\"font-family: Terminal, Monaco;\"><strong>INSCRIPTION <\/strong><\/span><\/p>\n\n\n\n<p class=\"has-text-align-center has-luminous-vivid-orange-color has-text-color has-large-font-size\"><span style=\"font-family: Terminal, Monaco;\"><strong>Pour le temps des tout-petits <\/strong><\/span><\/p>\n\n\n\n<div class=\"wp-block-columns is-layout-flex wp-container-core-columns-is-layout-9d6595d7 wp-block-columns-is-layout-flex\">\n<div class=\"wp-block-column is-layout-flow wp-block-column-is-layout-flow\">\n<p>Le temps des tout-petits est un  accueil r\u00e9serv\u00e9s aux enfants de moins de trois ans accompagn\u00e9s. Ces accueils se d\u00e9roulent  les <strong>jeudis matins<\/strong> sur l&#8217;espace jeux de Salleboeuf, et sont sur inscription via le catalogue en ligne <a rel=\"noreferrer noopener\" href=\"https:\/\/www.terresdejeu.fr\/index.php\/catalogue\/\" target=\"_blank\">Catalogue en ligne&nbsp;<\/a> (avec identifiants donn\u00e9s \u00e0 l&#8217;inscription) <\/p>\n<\/div>\n\n\n\n<div class=\"wp-block-column is-layout-flow wp-block-column-is-layout-flow\"><\/div>\n\n\n\n<div class=\"wp-block-column is-layout-flow wp-block-column-is-layout-flow\">\n<ol class=\"wp-block-list\">\n<li>1 er jeudi du mois: <strong>Ferm\u00e9<\/strong><\/li>\n\n\n\n<li>2\u00e8me jeudi du mois pour les <strong>assistantes maternelles<\/strong>.<\/li>\n\n\n\n<li>3\u00e8me jeudi du mois : <strong>Ferm\u00e9<\/strong><\/li>\n\n\n\n<li>4\u00e8me jeudi du mois pour les <strong>assistantes maternelles<\/strong>.<\/li>\n<\/ol>\n<\/div>\n<\/div>\n\n\n\n<hr class=\"wp-block-separator has-css-opacity\"\/>\n\n\n\n<hr class=\"wp-block-separator has-css-opacity\"\/>\n\n\n\n<div class=\"wp-block-columns is-layout-flex wp-container-core-columns-is-layout-9d6595d7 wp-block-columns-is-layout-flex\">\n<div class=\"wp-block-column is-layout-flow wp-block-column-is-layout-flow\">\n<h3 class=\"wp-block-heading has-text-align-center\" id=\"fevrier-2022\">Inscription pour le prochain mois <\/h3>\n\n\n\n<p class=\"has-text-align-center\"><strong>Les inscriptions restent obligatoires et 1 fois\/mois. <\/strong><\/p>\n\n\n\n<p class=\"has-text-align-center\"><strong>Les inscriptions se feront dor\u00e9navant sur le catalogue en ligne de la ludoth\u00e8que avec vos identifiants personnels. <\/strong><\/p>\n\n\n\n<p class=\"has-text-align-center\"><strong>Prochaine date<\/strong>: AVRIL, jeudi 09 et 23 avril 2026<\/p>\n\n\n\n<p><strong><a href=\"https:\/\/terresdejeu.ludomax.fr\/app\/catalogueUsagers.php?action=catalogueList&amp;ludo=terresdejeu\" target=\"_blank\" rel=\"noreferrer noopener\" data-type=\"URL\" data-id=\"https:\/\/terresdejeu.ludomax.fr\/app\/catalogueUsagers.php?action=catalogueList&amp;ludo=terresdejeu\">www.terresdejeu.ludomax.fr<\/a><\/strong><\/p>\n\n\n\n<p>Si vous \u00eates nouvelle, contactez-nous par mail ou t\u00e9l\u00e9phone. ( 07.83.94.06.80 \/ ludotheque.terresdejeu@gmail.com) <\/p>\n\n\n\n<p><\/p>\n\n\n\n<p><\/p>\n\n\n\n<p><\/p>\n<\/div>\n<\/div>\n\n\n\n<hr class=\"wp-block-separator has-css-opacity\"\/>\n\n\n\n<hr class=\"wp-block-separator has-css-opacity\"\/>\n\n\n\n<div class=\"wp-block-columns is-layout-flex wp-container-core-columns-is-layout-9d6595d7 wp-block-columns-is-layout-flex\">\n<div class=\"wp-block-column is-layout-flow wp-block-column-is-layout-flow\">\n<pre id=\"block-08698e04-3a11-4de3-84ef-557e414b7d6a\" class=\"wp-block-preformatted\"><strong>Fonctionnement: <\/strong>\n\n- Inscription sur notre logiciel internet, nouvel assistante maternelle contactez-nous par t\u00e9l\u00e9phone ou mail merci. \n- Vous pourrez vous inscrire sur un seul cr\u00e9neau par mois. Et appeler la semaine d'un cr\u00e9neau pour savoir si il reste une place pour une seconde fois. \n- L'inscription est obligatoire.\n- En cas d'absence, nous vous demandons de nous t\u00e9l\u00e9phoner ou bien de nous envoyer un mail d'avertissement. Vous \u00eates nombreuses. \n- Ludoth\u00e9caires comme usagers devront veiller \u00e0 anticiper le rangement de la ludoth\u00e8que, afin que le groupe suivant arrive dans un espace de jeu pr\u00eat \u00e0 \u00eatre utilis\u00e9.<\/pre>\n<\/div>\n<\/div>\n\n\n\n<p><\/p>\n\n\n\n<p><\/p>\n\n\n\n<p><\/p>\n\n\n\n<div class=\"wp-block-group\"><div class=\"wp-block-group__inner-container is-layout-flow wp-block-group-is-layout-flow\">\n<pre class=\"wp-block-preformatted rich-text block-editor-rich-text__editable\"><\/pre>\n<\/div><\/div>\n<\/div><\/div>\n\n\n\n<p><\/p>\n","protected":false},"excerpt":{"rendered":"<p>INSCRIPTION Pour le temps des tout-petits Le temps des tout-petits est un accueil r\u00e9serv\u00e9s aux enfants de moins de trois ans accompagn\u00e9s. Ces accueils se d\u00e9roulent les jeudis matins sur l&#8217;espace jeux de Salleboeuf, et sont sur inscription via le catalogue en ligne Catalogue en ligne&nbsp; (avec identifiants donn\u00e9s \u00e0 l&#8217;inscription) Inscription pour le prochain [&hellip;]<\/p>\n","protected":false},"author":1,"featured_media":0,"parent":0,"menu_order":0,"comment_status":"closed","ping_status":"closed","template":"","meta":{"footnotes":""},"class_list":["post-893","page","type-page","status-publish","hentry"],"_links":{"self":[{"href":"https:\/\/www.terresdejeu.fr\/index.php\/wp-json\/wp\/v2\/pages\/893","targetHints":{"allow":["GET"]}}],"collection":[{"href":"https:\/\/www.terresdejeu.fr\/index.php\/wp-json\/wp\/v2\/pages"}],"about":[{"href":"https:\/\/www.terresdejeu.fr\/index.php\/wp-json\/wp\/v2\/types\/page"}],"author":[{"embeddable":true,"href":"https:\/\/www.terresdejeu.fr\/index.php\/wp-json\/wp\/v2\/users\/1"}],"replies":[{"embeddable":true,"href":"https:\/\/www.terresdejeu.fr\/index.php\/wp-json\/wp\/v2\/comments?post=893"}],"version-history":[{"count":178,"href":"https:\/\/www.terresdejeu.fr\/index.php\/wp-json\/wp\/v2\/pages\/893\/revisions"}],"predecessor-version":[{"id":3454,"href":"https:\/\/www.terresdejeu.fr\/index.php\/wp-json\/wp\/v2\/pages\/893\/revisions\/3454"}],"wp:attachment":[{"href":"https:\/\/www.terresdejeu.fr\/index.php\/wp-json\/wp\/v2\/media?parent=893"}],"curies":[{"name":"wp","href":"https:\/\/api.w.org\/{rel}","templated":true}]}}