{"id":199,"date":"2016-08-26T21:42:37","date_gmt":"2016-08-26T20:42:37","guid":{"rendered":"http:\/\/www.terresdejeu.fr\/?page_id=199"},"modified":"2023-02-15T11:36:46","modified_gmt":"2023-02-15T10:36:46","slug":"la-ludotheque","status":"publish","type":"page","link":"https:\/\/www.terresdejeu.fr\/index.php\/la-ludotheque\/","title":{"rendered":"Que fait-elle ?"},"content":{"rendered":"\n<h1 class=\"has-text-align-center wp-block-heading\"><mark style=\"background-color:rgba(0, 0, 0, 0)\" class=\"has-inline-color has-luminous-vivid-orange-color\">En quelques mots&#8230;<\/mark><\/h1>\n\n\n\n<h3 class=\"wp-block-heading\"><mark style=\"background-color:rgba(0, 0, 0, 0)\" class=\"has-inline-color has-luminous-vivid-orange-color\">Actions sur le territoire<\/mark><\/h3>\n\n\n\n<div class=\"wp-block-columns is-layout-flex wp-container-core-columns-is-layout-9d6595d7 wp-block-columns-is-layout-flex\">\n<div class=\"wp-block-column is-layout-flow wp-block-column-is-layout-flow\">\n<p>La ludoth\u00e8que poss\u00e8de un rayonnement bien r\u00e9parti sur le territoire en terme d\u2019action sur les diff\u00e9rentes communes de la communaut\u00e9 des communes. Elle intervient pour les accueils p\u00e9riscolaires.<\/p>\n<\/div>\n\n\n\n<div class=\"wp-block-column is-layout-flow wp-block-column-is-layout-flow\">\n<p>Elle travaille en partenariat avec le RPE (Relais petite enfance), les cr\u00e8ches et les EHPAD (Etablissement d\u2019H\u00e9bergement pour Personnes \u00c2g\u00e9es D\u00e9pendantes), les IMPro (Institut M\u00e9dico professionnel), les FAM (Foyer d&#8217;accueil m\u00e9dicalis\u00e9),\u00a0 les h\u00f4pitaux de jour ..<\/p>\n<\/div>\n\n\n\n<div class=\"wp-block-column is-layout-flow wp-block-column-is-layout-flow\">\n<p>Elle est pr\u00e9sente lors de diverses animations communales et intercommunales qu\u2019elles soient r\u00e9guli\u00e8res ou&nbsp;occasionnelles sur des communes de la CDC mais \u00e9galement hors CDC.<\/p>\n<\/div>\n<\/div>\n\n\n\n<p><span style=\"color: #ff6600;\"><\/span><\/p>\n\n\n\n<div class=\"wp-block-columns is-layout-flex wp-container-core-columns-is-layout-9d6595d7 wp-block-columns-is-layout-flex\">\n<div class=\"wp-block-column is-layout-flow wp-block-column-is-layout-flow\">\n<h3 class=\"wp-block-heading\"><mark style=\"background-color:rgba(0, 0, 0, 0)\" class=\"has-inline-color has-luminous-vivid-orange-color\">Partenaires financiers<\/mark><\/h3>\n<\/div>\n\n\n\n<div class=\"wp-block-column is-layout-flow wp-block-column-is-layout-flow\">\n<h3 class=\"has-text-align-center wp-block-heading\"><mark style=\"background-color:rgba(0, 0, 0, 0)\" class=\"has-inline-color has-luminous-vivid-orange-color\">                  Autres partenaires<\/mark><\/h3>\n<\/div>\n<\/div>\n\n\n\n<div class=\"wp-block-columns is-layout-flex wp-container-core-columns-is-layout-9d6595d7 wp-block-columns-is-layout-flex\">\n<div class=\"wp-block-column is-layout-flow wp-block-column-is-layout-flow\">\n<p>La ludoth\u00e8que s\u2019autofinance \u00e0 une certaine hauteur avec les prestations d\u2019animation ainsi que les adh\u00e9sions. Elle re\u00e7oit une subvention de la Communaut\u00e9 de communes des Coteaux Bordelais, de la CAF&nbsp;dans le cadre du&nbsp;contrat enfance jeunesse et de l&#8217;\u00e9tat dans le cadre de l&#8217;emploi d&#8217;un contrat d&#8217;insertion.<\/p>\n<\/div>\n\n\n\n<div class=\"wp-block-column is-layout-flow wp-block-column-is-layout-flow\">\n<figure class=\"wp-block-image size-large\"><img loading=\"lazy\" decoding=\"async\" width=\"1024\" height=\"683\" src=\"https:\/\/www.terresdejeu.fr\/wp-content\/uploads\/2018\/03\/action-1024x683.jpg\" alt=\"\" class=\"wp-image-987\" srcset=\"https:\/\/www.terresdejeu.fr\/wp-content\/uploads\/2018\/03\/action-1024x683.jpg 1024w, https:\/\/www.terresdejeu.fr\/wp-content\/uploads\/2018\/03\/action-300x200.jpg 300w, https:\/\/www.terresdejeu.fr\/wp-content\/uploads\/2018\/03\/action-768x512.jpg 768w, https:\/\/www.terresdejeu.fr\/wp-content\/uploads\/2018\/03\/action.jpg 1200w\" sizes=\"auto, (max-width: 1024px) 100vw, 1024px\" \/><\/figure>\n<\/div>\n\n\n\n<div class=\"wp-block-column is-layout-flow wp-block-column-is-layout-flow\">\n<p>La ludoth\u00e8que d\u00e9veloppe des actions avec diff\u00e9rents partenaires culturels : la m\u00e9diath\u00e8que de Salleboeuf, d&#8217;autres ludoth\u00e8ques de Gironde&#8230;<\/p>\n<\/div>\n<\/div>\n\n\n\n<h3 class=\"wp-block-heading\"><\/h3>\n\n\n\n<pre class=\"wp-block-code\"><code><div data-canvas-width=\"640.9280000000001\"><\/code><\/pre>\n","protected":false},"excerpt":{"rendered":"<p>En quelques mots&#8230; Actions sur le territoire La ludoth\u00e8que poss\u00e8de un rayonnement bien r\u00e9parti sur le territoire en terme d\u2019action sur les diff\u00e9rentes communes de la communaut\u00e9 des communes. Elle intervient pour les accueils p\u00e9riscolaires. Elle travaille en partenariat avec le RPE (Relais petite enfance), les cr\u00e8ches et les EHPAD (Etablissement d\u2019H\u00e9bergement pour Personnes \u00c2g\u00e9es [&hellip;]<\/p>\n","protected":false},"author":1,"featured_media":0,"parent":0,"menu_order":0,"comment_status":"closed","ping_status":"closed","template":"","meta":{"footnotes":""},"class_list":["post-199","page","type-page","status-publish","hentry"],"_links":{"self":[{"href":"https:\/\/www.terresdejeu.fr\/index.php\/wp-json\/wp\/v2\/pages\/199","targetHints":{"allow":["GET"]}}],"collection":[{"href":"https:\/\/www.terresdejeu.fr\/index.php\/wp-json\/wp\/v2\/pages"}],"about":[{"href":"https:\/\/www.terresdejeu.fr\/index.php\/wp-json\/wp\/v2\/types\/page"}],"author":[{"embeddable":true,"href":"https:\/\/www.terresdejeu.fr\/index.php\/wp-json\/wp\/v2\/users\/1"}],"replies":[{"embeddable":true,"href":"https:\/\/www.terresdejeu.fr\/index.php\/wp-json\/wp\/v2\/comments?post=199"}],"version-history":[{"count":14,"href":"https:\/\/www.terresdejeu.fr\/index.php\/wp-json\/wp\/v2\/pages\/199\/revisions"}],"predecessor-version":[{"id":2577,"href":"https:\/\/www.terresdejeu.fr\/index.php\/wp-json\/wp\/v2\/pages\/199\/revisions\/2577"}],"wp:attachment":[{"href":"https:\/\/www.terresdejeu.fr\/index.php\/wp-json\/wp\/v2\/media?parent=199"}],"curies":[{"name":"wp","href":"https:\/\/api.w.org\/{rel}","templated":true}]}}