{"id":197,"date":"2016-08-26T21:42:00","date_gmt":"2016-08-26T20:42:00","guid":{"rendered":"http:\/\/www.terresdejeu.fr\/?page_id=197"},"modified":"2025-03-04T13:14:57","modified_gmt":"2025-03-04T12:14:57","slug":"historique","status":"publish","type":"page","link":"https:\/\/www.terresdejeu.fr\/index.php\/historique\/","title":{"rendered":"Historique"},"content":{"rendered":"\n<div class=\"wp-block-columns is-layout-flex wp-container-core-columns-is-layout-9d6595d7 wp-block-columns-is-layout-flex\">\n<div class=\"wp-block-column is-layout-flow wp-block-column-is-layout-flow\"><\/div>\n\n\n\n<div class=\"wp-block-column is-layout-flow wp-block-column-is-layout-flow\"><\/div>\n\n\n\n<div class=\"wp-block-column is-layout-flow wp-block-column-is-layout-flow\">\n<figure class=\"wp-block-image size-full\"><img loading=\"lazy\" decoding=\"async\" width=\"275\" height=\"183\" src=\"https:\/\/www.terresdejeu.fr\/wp-content\/uploads\/2018\/02\/images.jpeg\" alt=\"\" class=\"wp-image-958\"\/><\/figure>\n<\/div>\n<\/div>\n\n\n\n<div class=\"wp-block-columns is-layout-flex wp-container-core-columns-is-layout-9d6595d7 wp-block-columns-is-layout-flex\">\n<div class=\"wp-block-column is-layout-flow wp-block-column-is-layout-flow\">\n<p><strong><span class=\"has-inline-color has-luminous-vivid-orange-color\">En 2000<\/span><\/strong>, la pr\u00e9sidente de la cr\u00e8che de Salleboeuf eut l\u2019id\u00e9e de cr\u00e9er au sein m\u00eame de la structure une annexe ludoth\u00e8que. L\u2019annexe \u00e9tant compliqu\u00e9e \u00e0 g\u00e9rer, il a \u00e9t\u00e9 d\u00e9cid\u00e9 que cette ludoth\u00e8que attenante \u00e0 la cr\u00e8che deviendrait la ludoth\u00e8que associative communale de Salleboeuf nomm\u00e9 \u00abLabyrinthe\u00bb.<\/p>\n\n\n\n<p><strong><span class=\"has-inline-color has-luminous-vivid-orange-color\">En 2002<\/span><\/strong>, la communaut\u00e9 de communes des Coteaux Bordelais se cr\u00e9e ce qui engendre une mise en commun des structures de proximit\u00e9. La ludoth\u00e8que associative devient intercommunale.<\/p>\n\n\n\n<p><strong><span class=\"has-inline-color has-luminous-vivid-orange-color\">En 2004<\/span><\/strong>, les statuts officiels de la ludoth\u00e8que \u00abLabyrinthe\u00bb sont d\u00e9pos\u00e9s.&nbsp;Un accord est pass\u00e9 entre la CDC et la ludoth\u00e8que: la CDC met \u00e0 disposition un local dans trois des huit communes pour faire des permanences:<\/p>\n<\/div>\n\n\n\n<div class=\"wp-block-column is-layout-flow wp-block-column-is-layout-flow\">\n<p><\/p>\n\n\n\n<ul class=\"wp-block-list\" id=\"block-2a32c8f2-7cc6-41d7-8414-b26772b791ac\">\n<li>une permanence l\u00e0 o\u00f9 se trouvait le stock de jeu \u00e0 Salleboeuf dans la salle des vignes (salle inter associative)<\/li>\n\n\n\n<li>une permanence \u00e0 Fargues, ville centrale par rapport \u00e0 la CDC<\/li>\n\n\n\n<li>une permanence \u00e0 Tresses (salle inter associative)<\/li>\n\n\n\n<li>En contrepartie, la ludoth\u00e8que s\u2019engage \u00e0 organiser des animations sur chacune des communes, une fois par mois, gratuitement et trois permanences par communes une fois par semaine. La ludoth\u00e8que rayonne sur toute la CDC.<\/li>\n<\/ul>\n<\/div>\n\n\n\n<div class=\"wp-block-column is-layout-flow wp-block-column-is-layout-flow\">\n<p><strong><span class=\"has-inline-color has-luminous-vivid-orange-color\">Depuis 2004,<\/span> <\/strong>une dizaine de b\u00e9n\u00e9voles forme l\u2019\u00e9quipe op\u00e9rationnelle. L&#8217;\u00e9quipe s&#8217;\u00e9toffe petit \u00e0 petit.<\/p>\n\n\n\n<p><strong><span class=\"has-inline-color has-luminous-vivid-orange-color\">Depuis 2005<\/span><\/strong>, un \u00e9lu de chaque commune si\u00e8ge au conseil d\u2019administration. La ludoth\u00e8que change de nom pour devenir \u00abTerres de Jeu\u00bb.<\/p>\n\n\n\n<p><strong><span class=\"has-inline-color has-luminous-vivid-orange-color\">En 2006<\/span><\/strong>, un local de 35 m\u00b2 est inaugur\u00e9 \u00e0&nbsp;Fargues St Hilaire.&nbsp;Un premier salari\u00e9 est&nbsp;employ\u00e9 dans l\u2019association.<\/p>\n\n\n\n<p><strong><span class=\"has-inline-color has-luminous-vivid-orange-color\">En 2013<\/span>,<\/strong> un second salari\u00e9 est engag\u00e9 au sein de la ludoth\u00e8que.<\/p>\n\n\n\n<p><\/p>\n<\/div>\n<\/div>\n\n\n\n<hr class=\"wp-block-separator has-css-opacity\"\/>\n\n\n\n<div class=\"wp-block-columns is-layout-flex wp-container-core-columns-is-layout-9d6595d7 wp-block-columns-is-layout-flex\">\n<div class=\"wp-block-column is-layout-flow wp-block-column-is-layout-flow\">\n<p><strong><span class=\"has-inline-color has-luminous-vivid-orange-color\">En 2014<\/span><\/strong>, la mairie de Salleboeuf met \u00e0 disposition un local de 80m\u00b2 attenant \u00e0 la m\u00e9diath\u00e8que.<\/p>\n\n\n\n<p>La ludoth\u00e8que a deux espaces, un sur Fargues et un sur Salleboeuf. Elle s&#8217;informatise afin de faciliter la gestion des jeux et des pr\u00eats avec un logiciel d\u00e9di\u00e9 aux ludoth\u00e8ques. Ainsi les accueils peuvent avoir lieu sur les deux espaces en simultan\u00e9s.<\/p>\n<\/div>\n\n\n\n<div class=\"wp-block-column is-layout-flow wp-block-column-is-layout-flow\">\n<p><strong><span class=\"has-inline-color has-luminous-vivid-orange-color\">En 2017<\/span><\/strong>, la ludoth\u00e8que quitte le local de 35 m\u00b2 de Fargues et vient inaugurer un nouveau local sur Tresses, au Ch\u00e2teau de la S\u00e9guinie, qui devient le si\u00e8ge social de l&#8217;association Terres de Jeu.<\/p>\n\n\n\n<p>La ludoth\u00e8que est donc install\u00e9e sur Salleboeuf et sur Tresses, les deux communes les plus \u00e9loign\u00e9es de la CDC.<\/p>\n<\/div>\n\n\n\n<div class=\"wp-block-column is-layout-flow wp-block-column-is-layout-flow\">\n<p><strong><span class=\"has-inline-color has-luminous-vivid-orange-color\">En 2017<\/span><\/strong>, la ludoth\u00e8que accueille son premier volontaire en service civique.<\/p>\n\n\n\n<p>La ludoth\u00e8que compte donc d\u00e9sormais 2 salari\u00e9es, 1 service civique, accompagn\u00e9 par une \u00e9quipe de b\u00e9n\u00e9voles. N&#8217;h\u00e9sitez pas \u00e0 venir renforcer l&#8217;\u00e9quipe, m\u00eame ponctuellement !<\/p>\n<\/div>\n<\/div>\n\n\n\n<p><mark style=\"background-color:rgba(0, 0, 0, 0)\" class=\"has-inline-color has-luminous-vivid-orange-color\"><strong>En 2021<\/strong><\/mark>, l&#8217;espace jeux de Salleboeuf subit une inondation qui oblige la ludoth\u00e8que a fermer cet espace durant 1 an. Nous avons perdu une grosse partie de notre stock de jeu. En attendant, ,elle am\u00e9nageait une salle qui devait \u00eatre remise en \u00e9tat pour chaque accueil. <\/p>\n\n\n\n<p><mark style=\"background-color:rgba(0, 0, 0, 0)\" class=\"has-inline-color has-luminous-vivid-orange-color\"><strong>En 2022,<\/strong><\/mark> La ludoth\u00e8que r\u00e9int\u00e8gre ses locaux de Salleboeuf. <\/p>\n\n\n\n<p><strong><mark style=\"background-color:rgba(0, 0, 0, 0)\" class=\"has-inline-color has-luminous-vivid-orange-color\">En 2025, <\/mark><\/strong>La ludoth\u00e8que de Tresses, doit d\u00e9m\u00e9nager le temps de travaux sur le site de la S\u00e9guinie. La ludoth\u00e8que est rentr\u00e9e dans un projet CDC-COMMUNE de Tresses, un p\u00f4le enfance avec : une nouvelle \u00e9cole, ALSH, RPE et la ludoth\u00e8que. Durant les travaux, la ludoth\u00e8que pose ses valises : <strong>la salle de la fontaine sur Tresses<\/strong> pendant les deux ou trois prochaines ann\u00e9es.<\/p>\n\n\n\n<p> Ensuite, celle-ci d\u00e9couvrira un nouveau local enti\u00e8rement neuf \u00e0 c\u00f4t\u00e9 sur Ch\u00e2teau de la S\u00e9guinie, qui lui, sera r\u00e9habilit\u00e9 pour d&#8217;autres structures.  <\/p>\n\n\n\n<p><\/p>\n\n\n\n<p><\/p>\n","protected":false},"excerpt":{"rendered":"<p>En 2000, la pr\u00e9sidente de la cr\u00e8che de Salleboeuf eut l\u2019id\u00e9e de cr\u00e9er au sein m\u00eame de la structure une annexe ludoth\u00e8que. L\u2019annexe \u00e9tant compliqu\u00e9e \u00e0 g\u00e9rer, il a \u00e9t\u00e9 d\u00e9cid\u00e9 que cette ludoth\u00e8que attenante \u00e0 la cr\u00e8che deviendrait la ludoth\u00e8que associative communale de Salleboeuf nomm\u00e9 \u00abLabyrinthe\u00bb. En 2002, la communaut\u00e9 de communes des Coteaux [&hellip;]<\/p>\n","protected":false},"author":1,"featured_media":0,"parent":0,"menu_order":0,"comment_status":"closed","ping_status":"closed","template":"","meta":{"footnotes":""},"class_list":["post-197","page","type-page","status-publish","hentry"],"_links":{"self":[{"href":"https:\/\/www.terresdejeu.fr\/index.php\/wp-json\/wp\/v2\/pages\/197","targetHints":{"allow":["GET"]}}],"collection":[{"href":"https:\/\/www.terresdejeu.fr\/index.php\/wp-json\/wp\/v2\/pages"}],"about":[{"href":"https:\/\/www.terresdejeu.fr\/index.php\/wp-json\/wp\/v2\/types\/page"}],"author":[{"embeddable":true,"href":"https:\/\/www.terresdejeu.fr\/index.php\/wp-json\/wp\/v2\/users\/1"}],"replies":[{"embeddable":true,"href":"https:\/\/www.terresdejeu.fr\/index.php\/wp-json\/wp\/v2\/comments?post=197"}],"version-history":[{"count":12,"href":"https:\/\/www.terresdejeu.fr\/index.php\/wp-json\/wp\/v2\/pages\/197\/revisions"}],"predecessor-version":[{"id":3203,"href":"https:\/\/www.terresdejeu.fr\/index.php\/wp-json\/wp\/v2\/pages\/197\/revisions\/3203"}],"wp:attachment":[{"href":"https:\/\/www.terresdejeu.fr\/index.php\/wp-json\/wp\/v2\/media?parent=197"}],"curies":[{"name":"wp","href":"https:\/\/api.w.org\/{rel}","templated":true}]}}