{"id":1900,"date":"2021-10-13T12:44:49","date_gmt":"2021-10-13T11:44:49","guid":{"rendered":"http:\/\/www.terresdejeu.fr\/?page_id=1900"},"modified":"2024-07-04T13:03:05","modified_gmt":"2024-07-04T12:03:05","slug":"jeux-surdimensionnes-avec-accord","status":"publish","type":"page","link":"https:\/\/www.terresdejeu.fr\/index.php\/jeux-surdimensionnes-avec-accord\/","title":{"rendered":"Jeux surdimensionn\u00e9s (avec accord du ludoth\u00e9caire)"},"content":{"rendered":"\n<p>Avec accord de votre ludoth\u00e9caire, vous pouvez proc\u00e9der au r\u00e8glement de l&#8217;emprunt, merci. <\/p>\n\n\n\n<iframe id=\"haWidget\" allowtransparency=\"true\" scrolling=\"auto\" src=\"https:\/\/www.helloasso.com\/associations\/ludotheque-terres-de-jeu\/adhesions\/ff\/widget\" style=\"width:100%;height:750px;border:none;\" onload=\"window.scroll(0, this.offsetTop)\"><\/iframe><div style=\"width:100%;text-align:center;\">Propuls\u00e9 par <a href=\"https:\/\/www.helloasso.com\" rel=\"nofollow\">HelloAsso<\/a><\/div>\n","protected":false},"excerpt":{"rendered":"<p>Avec accord de votre ludoth\u00e9caire, vous pouvez proc\u00e9der au r\u00e8glement de l&#8217;emprunt, merci. Propuls\u00e9 par HelloAsso<\/p>\n","protected":false},"author":1,"featured_media":0,"parent":0,"menu_order":0,"comment_status":"closed","ping_status":"closed","template":"","meta":{"footnotes":""},"class_list":["post-1900","page","type-page","status-publish","hentry"],"_links":{"self":[{"href":"https:\/\/www.terresdejeu.fr\/index.php\/wp-json\/wp\/v2\/pages\/1900","targetHints":{"allow":["GET"]}}],"collection":[{"href":"https:\/\/www.terresdejeu.fr\/index.php\/wp-json\/wp\/v2\/pages"}],"about":[{"href":"https:\/\/www.terresdejeu.fr\/index.php\/wp-json\/wp\/v2\/types\/page"}],"author":[{"embeddable":true,"href":"https:\/\/www.terresdejeu.fr\/index.php\/wp-json\/wp\/v2\/users\/1"}],"replies":[{"embeddable":true,"href":"https:\/\/www.terresdejeu.fr\/index.php\/wp-json\/wp\/v2\/comments?post=1900"}],"version-history":[{"count":3,"href":"https:\/\/www.terresdejeu.fr\/index.php\/wp-json\/wp\/v2\/pages\/1900\/revisions"}],"predecessor-version":[{"id":3041,"href":"https:\/\/www.terresdejeu.fr\/index.php\/wp-json\/wp\/v2\/pages\/1900\/revisions\/3041"}],"wp:attachment":[{"href":"https:\/\/www.terresdejeu.fr\/index.php\/wp-json\/wp\/v2\/media?parent=1900"}],"curies":[{"name":"wp","href":"https:\/\/api.w.org\/{rel}","templated":true}]}}